ided by r.
15
Let x(n) = -30*n - 1. Let g be x(3). Let w = g + 122. Let q(f) = -f**3 + f**2 - 1. Calculate the remainder when w is divided by q(-2).
9
Let s(t) = -3*t**2 - 4*t - 2. Let x(u) = -u. Let z(f) = -s(f) + 6*x(f). Let l = 52 + -25. What is the remainder when l is divided by z(2)?
7
Let a = -35 - -33. Let m be (-29)/(a*(-1)/(-2)). Let i = -25 + m. Calculate the remainder when 10 is divided by i.
2
Let w be 15/(-20) - 2/(-8)*27. Suppose -g - 830 = -w*g. What is the remainder when g is divided by 42?
40
Let c(w) = 16 + 13*w + 8 - 7 + 45. What is the remainder when 245 is divided by c(0)?
59
Let h = 1095 + -1091. What is the remainder when 65 is divided by h?
1
Let t be 6 + -9 + 2 + (-2)/1. Let i(x) = -x**3 - x**2 - 6*x - 8. What is the remainder when i(t) is divided by 16?
12
Suppose 9*c + 0*c - 855 = 0. Let q(n) = n**2 + 8*n + 7. What is the remainder when c is divided by q(-9)?
15
Suppose 0 = -5*q - 2*w + 122, 18*w - 21*w = -4*q + 116. What is the remainder when 102 is divided by q?
24
Let a(y) = y**3 + 5*y**2 - 7*y - 2. Let f be a(-6). Let i = 12 + 0. What is the remainder when 62 is divided by 7/(1/i*f)?
20
Calculate the remainder when (-3 - 90/(-20))*202 is divided by 64.
47
Let i(p) = -2*p**2 - 36*p - 34. Suppose -4*h - 6*h = 150. What is the remainder when i(h) is divided by 15?
11
Let w = -21 - -10. Let o = -6 - w. Let n = 36 - o. Calculate the remainder when n is divided by 12.
7
Suppose 88*b - 3034 = 14*b. Calculate the remainder when b is divided by 6.
5
Suppose 0 = 4*u + 5*c - 67, u - 22 = -2*c - c. What is the remainder when (-78)/(-4) - 14/(-28) is divided by u?
7
Let y = 273 + -216. What is the remainder when y is divided by 10?
7
Let h = -47 - -8. Let q = h + 68. What is the remainder when q is divided by 11?
7
Suppose -5*k - 4*y + 38 = 0, -k - 2*y + 34 = 3*k. What is the remainder when 50 - (-12)/k*35/14 is divided by 18?
17
What is the remainder when 63 is divided by (-8)/6 + (-1680)/(-72)?
19
Let t(p) = -5*p + 58. Let x(u) = u - 7. Let o be x(0). Calculate the remainder when -1*o*(3 + -2) is divided by t(11).
1
Suppose -5*b + 1080 = -2*b. Let c = -242 + b. What is the remainder when c is divided by 40?
38
Let u(m) = -2 - m**2 - 7 + 10. Let w be u(-1). Suppose c - 12 = -0*c - 3*h, -c + h + 4 = w. Calculate the remainder when 10 is divided by c.
4
Let m be 1 - (-1 - (-4)/(-1)). Suppose 0 = y - m - 0. What is the remainder when 33 is divided by 8 + (y - 4 - -2)?
9
Let w = 30 + -42. Suppose -10*n + 9*n = -29. What is the remainder when n is divided by (w/30)/((-1)/40)?
13
Let f be (-54)/4*6/(-9). Let o = 11 + f. Let s(h) = -h**3 + 6*h**2 - 4*h + 3. Calculate the remainder when o is divided by s(5).
4
Let i(u) = 3*u**2 - 2*u + 2. Suppose -4*p + 17 = 2*f + 3, -23 = -5*f + 2*p. Calculate the remainder when f is divided by i(1).
2
What is the remainder when 215 is divided by (-3302)/(-91) + 6/(-21)?
35
Suppose -6*x = -2*x + 5*v - 5, x - 11 = 2*v. Suppose 0 = -3*a + 7*a - x*p - 19, 4*p = 3*a - 13. Calculate the remainder when 85 is divided by a.
8
Let c = -140 - -65. Let z = 82 + c. Calculate the remainder when 27 is divided by z.
6
Let d be (-4)/(-16) + (-6)/(-8). Suppose 7*f - 176 = -d. Calculate the remainder when 48 is divided by f.
23
Calculate the remainder when ((-9)/(-36)*2)/(3 - 953/318) is divided by 1/(-2)*0 - -18.
15
Let x = 19 + -11. Let w(u) = u**3 - 8*u**2 + 3*u - 9. Calculate the remainder when 54 is divided by w(x).
9
Let y be (2*11)/(1124/372 + -3). Calculate the remainder when 104 is divided by y/77 + (-4)/14 - -2.
14
Suppose h + 5*f - 31 = 0, 98*h - 96*h - 2*f - 110 = 0. Calculate the remainder when 1221 is divided by h.
48
Suppose 7*v = -47 + 54. Calculate the remainder when 3/(-6)*-4 + 1 is divided by v.
0
Suppose -2*l - 2743 = -4*r + 841, -3*r + 3*l + 2682 = 0. What is the remainder when r is divided by 75?
73
Let k = 18 + 12. Let s = 42 - k. Let y = -54 + 76. What is the remainder when y is divided by s?
10
Let l = 380 - 288. Calculate the remainder when l is divided by 31.
30
Let n be (0/5)/(3 + -4). Suppose n = -f + 2*k + 22, 111 = 4*f - 3*k + 23. Calculate the remainder when 87 is divided by f.
21
Suppose 5*f + 5*j - 555 = 0, 5*j = 5*f - 386 - 179. What is the remainder when f is divided by 35?
7
Let o be 2 - ((-3 - 1) + 80). What is the remainder when 112 is divided by 3 + (-10)/4 + o/(-4)?
17
Suppose -3922 = -5*i - 5*r - 1147, 0 = 5*r - 25. Calculate the remainder when i is divided by 24.
22
Let m(a) = a**3 + 2*a**2 + 4*a - 8. What is the remainder when 366 is divided by m(2)?
14
Suppose 4 = -6*u - 8. What is the remainder when 72 + u - (0 + 2) is divided by 23?
22
Suppose 29 = -4*w + 53. Suppose 5*i - 57 = -w*a + 7*a, -2*i + 5*a = -32. What is the remainder when 98 is divided by i?
10
Calculate the remainder when 107 is divided by 8/12 + 155/15.
8
Suppose 6 - 48 = -5*n - t, n + 5*t = 18. Let k = 2 + 27. Calculate the remainder when k is divided by n.
5
What is the remainder when -22*8/(64/(-60)) is divided by 42?
39
Let h(p) be the third derivative of -5*p**4/4 - p**3/3 - 7*p**2. Let x be h(-2). Suppose 2*u - x = u. Calculate the remainder when u is divided by 15.
13
Suppose 4*x = -3*i - 0*i + 558, -205 = -i + 5*x. Calculate the remainder when i is divided by 12.
10
Suppose -3*l = -15, 0 = -4*k - 25*l + 23*l + 174. What is the remainder when 157 is divided by k?
34
Suppose 0*u = u. Suppose 6*q - q = u. Let g = q - -8. What is the remainder when 14 is divided by g?
6
Suppose 36 = z + 2*z. Let v(r) = -r**2 + 15*r - 18. Suppose -4*q + 5*a + 347 = 61, 5*a = -10. Calculate the remainder when q is divided by v(z).
15
Let y be (4/16*4)/((-5)/(-20)). Suppose -45 = -y*s + 103. What is the remainder when 145 is divided by s?
34
Suppose 43*q - 19*q = 888. What is the remainder when 995 is divided by q?
33
Suppose 138 = 5*w + 13. Suppose 0 = -7*u + 5*u + 192. Calculate the remainder when u is divided by w.
21
Suppose 46 + 23 = 3*w. Let m = w + -4. Calculate the remainder when 75 is divided by m.
18
Suppose 0 = -5*o + 23 - 8. Calculate the remainder when 257/o - (-9)/(27/(-2)) is divided by 22.
19
Suppose l + 3 - 18 = 0. What is the remainder when 106/3 + 1/(-3) is divided by 36*((-55)/l + 4)?
11
Suppose 2*o = 171 + 1097. Suppose -o = -4*r - 3*z - 81, 0 = -r + 2*z + 152. Calculate the remainder when r is divided by 29.
26
Let a = -13 + 14. Suppose -a = m - 5. Calculate the remainder when (-2)/10 - (-56)/5 is divided by m.
3
Let f be -2 - -2 - (-38 - 2). Let y = f + -18. Calculate the remainder when y is divided by 8.
6
Let d(y) = -28*y + 25. What is the remainder when d(-1) is divided by 35?
18
Let s(g) = 3 - g**3 - g**3 + 3*g + g**2 - 3*g**2. Suppose 2*c + 26 = 2*t + c, t - 18 = 3*c. Calculate the remainder when t is divided by s(-2).
2
Let f = 925 + -863. Suppose 2*y + 0*y + 2*o - 60 = 0, -70 = -2*y + 3*o. Calculate the remainder when f is divided by y.
30
Let a(c) = -c**2 - 7*c - 7. Let q be a(-5). Suppose -76 = -5*w + q*w. Suppose 3*l + 35 = g, 0*g + 2*g - 35 = -l. What is the remainder when w is divided by g?
18
Suppose 12*a - 253 = a. Let g(b) = b**2 + 1. Let i(o) = o**2 + o. Let x(z) = 3*g(z) + i(z). What is the remainder when x(3) is divided by a?
19
Let n(g) = -242*g**3 - g**2 + 8*g + 8. Calculate the remainder when n(-1) is divided by 84.
73
Let g(z) = -4*z**2 + 132*z - 14. Calculate the remainder when g(31) is divided by 79.
76
Let i(t) = t**2 - 19. Calculate the remainder when 217 is divided by i(-6).
13
Suppose 0 = -3*j - 1126 + 1186. Calculate the remainder when 411 is divided by j.
11
Let m(t) = t**2 - t + 5. Suppose 0 = -4*d + d. Let c(g) = -g**2 - g + 24. Calculate the remainder when m(-6) is divided by c(d).
23
Let c(j) = j**3 + 7*j**2 - 2*j - 6. Suppose 0*r - 2*r - 14 = 0. Suppose 58 = 2*a + 4*x, -5*a = -x - 158 + 2. Calculate the remainder when a is divided by c(r).
7
Calculate the remainder when 181 is divided by ((-1)/(-3) + 1)*231/22.
13
Suppose 9*g - 675 = -0*g. Let x = g - -36. What is the remainder when x is divided by 8?
7
Suppose -5*n + 3*o + 56 = 0, -n = 3*n + o - 55. Calculate the remainder when 1689 is divided by n.
12
Suppose 0 = -2*n - 2*n + 220. Calculate the remainder when (1/(-4) + 6/8)/(77/24794) is divided by n.
51
Let b(q) = -1 + 1 - 21*q - 2 - 2. Suppose -76 = -3*w +